{"id":93,"date":"2022-01-31T08:29:49","date_gmt":"2022-01-31T07:29:49","guid":{"rendered":"http:\/\/www.mensch02.bn-paf.de\/hallertauer\/?page_id=93"},"modified":"2023-01-27T15:47:57","modified_gmt":"2023-01-27T14:47:57","slug":"tauschring-lets-paf","status":"publish","type":"page","link":"https:\/\/hallertauer-regional.de\/hallertauer\/?page_id=93","title":{"rendered":"Tauschring LETS-PAF"},"content":{"rendered":"<p>Tauschring LETS-PAF hat seine Aktivit\u00e4ten eingestellt.<\/p>\n<p>Tauschaktivit\u00e4ten f\u00fcr Stadt und Landkreis Pfaffenhofen an der Ilm siehe jetzt:<\/p>\n<h1><a href=\"http:\/\/www.tausch-kreis-paf.de\">http:\/\/www.tausch-kreis-paf.de<\/a><\/h1>\n<p>&nbsp;<\/p>\n","protected":false},"excerpt":{"rendered":"<p>Tauschring LETS-PAF hat seine Aktivit\u00e4ten eingestellt. Tauschaktivit\u00e4ten f\u00fcr Stadt und Landkreis Pfaffenhofen an der Ilm siehe jetzt: http:\/\/www.tausch-kreis-paf.de &nbsp;<\/p>\n","protected":false},"author":2,"featured_media":0,"parent":0,"menu_order":6,"comment_status":"closed","ping_status":"closed","template":"","meta":[],"_links":{"self":[{"href":"https:\/\/hallertauer-regional.de\/hallertauer\/index.php?rest_route=\/wp\/v2\/pages\/93"}],"collection":[{"href":"https:\/\/hallertauer-regional.de\/hallertauer\/index.php?rest_route=\/wp\/v2\/pages"}],"about":[{"href":"https:\/\/hallertauer-regional.de\/hallertauer\/index.php?rest_route=\/wp\/v2\/types\/page"}],"author":[{"embeddable":true,"href":"https:\/\/hallertauer-regional.de\/hallertauer\/index.php?rest_route=\/wp\/v2\/users\/2"}],"replies":[{"embeddable":true,"href":"https:\/\/hallertauer-regional.de\/hallertauer\/index.php?rest_route=%2Fwp%2Fv2%2Fcomments&post=93"}],"version-history":[{"count":4,"href":"https:\/\/hallertauer-regional.de\/hallertauer\/index.php?rest_route=\/wp\/v2\/pages\/93\/revisions"}],"predecessor-version":[{"id":415,"href":"https:\/\/hallertauer-regional.de\/hallertauer\/index.php?rest_route=\/wp\/v2\/pages\/93\/revisions\/415"}],"wp:attachment":[{"href":"https:\/\/hallertauer-regional.de\/hallertauer\/index.php?rest_route=%2Fwp%2Fv2%2Fmedia&parent=93"}],"curies":[{"name":"wp","href":"https:\/\/api.w.org\/{rel}","templated":true}]}}