{"id":21,"date":"2022-01-30T17:12:29","date_gmt":"2022-01-30T16:12:29","guid":{"rendered":"http:\/\/www.mensch02.bn-paf.de\/hallertauer\/?page_id=21"},"modified":"2024-05-09T22:10:14","modified_gmt":"2024-05-09T20:10:14","slug":"hopfen-und-regioland-hallertau","status":"publish","type":"page","link":"https:\/\/hallertauer-regional.de\/hallertauer\/?page_id=21","title":{"rendered":"Hopfen- und Regioland Hallertau"},"content":{"rendered":"<p>In der Hallertau leben wir, die Hallertauer!<\/p>\n<p>Die Hallertau ist das gr\u00f6\u00dfte geschlossene Hopfenanbaugebiet der Welt!<\/p>\n<p>20 Prozent der gesamten Welthopfenernte werden hier bei uns produziert!<\/p>\n<p>Nicht v\u00f6llig gekl\u00e4rt ist die Herkunft und Bedeutung des Wortes &#8222;Hallertau&#8220;, das wohl im 14. Jahrhundert entstanden ist. Es setzt sich wahrscheinlich aus den althochdeutschen W\u00f6rtern \u201eHardt\u201c (= Wald) und \u201ehall\u201c, abgeleitet von \u201ehelan\u201c (= verbergen, hehlen) zu \u201eHal hart\u201c, also einem Wald, der sein Inneres verbirgt, dem noch der Flurname \u201eAu\u201c angeh\u00e4ngt wurde, zusammen.<\/p>\n<p><a href=\"https:\/\/mensch02.bn-paf.de\/hallertauer\/wp-content\/uploads\/2022\/01\/hopfenportrat.jpeg\"><img decoding=\"async\" loading=\"lazy\" class=\"aligncenter wp-image-179 size-full\" src=\"https:\/\/mensch02.bn-paf.de\/hallertauer\/wp-content\/uploads\/2022\/01\/hopfenportrat.jpeg\" alt=\"\" width=\"387\" height=\"247\" srcset=\"https:\/\/mensch02.bn-paf.de\/hallertauer\/wp-content\/uploads\/2022\/01\/hopfenportrat.jpeg 387w, https:\/\/mensch02.bn-paf.de\/hallertauer\/wp-content\/uploads\/2022\/01\/hopfenportrat-300x191.jpeg 300w\" sizes=\"(max-width: 387px) 100vw, 387px\" \/><\/a><\/p>\n<p>Die ersten Hopfenpflanzen kamen im 8. Jahrhundert durch den Volksstamm der Wenden in die Hallertau. 860 wurde zum ersten Mal ein Hopfengarten bei Nandlstadt in einem Dokument schriftlich erw\u00e4hnt. Allerdings war dieser Hopfenanbau nur von lokaler Bedeutung. Das mit Abstand gr\u00f6\u00dfte Hopfenanbaugebiet lag bis ins 16. Jahrhundert in Norddeutschland. Die Gr\u00fcnde waren die bedeutende Brauindustrie und die gut vernetzten Handelswege der Hansest\u00e4dte. In der Hallertau wurde zu dieser Zeit noch haupts\u00e4chlich Wein angebaut.<\/p>\n<p>Der Wechsel vom Wein- zum Bierland Bayern vollzog sich im 16. und 17. Jahrhundert. Nach dem Bayerischen Reinheitsgebot von 1516 war Hopfen f\u00fcr das Bier vorgeschrieben. Deshalb legten Adelsg\u00fcter, St\u00e4dte und Kl\u00f6ster Stangenhopfeng\u00e4rten zum Zweck der Selbstversorgung an. Ab 1600 breitete sich ausgehend von den Jesuitenkl\u00f6stern Biburg (bei Abensberg) und Rohr der Hopfenanbau in dem Gebiet der Hallertau aus. Die Zeit der Dominanz der Kl\u00f6ster beim Hopfenanbau endete mit der S\u00e4kularisation in Bayern (1806) und ging auf adelige und b\u00e4uerliche Hopfenproduzenten \u00fcber.<\/p>\n<p>Das Gebiet der Hallertau erstreckt sich auf ca. 2.400 Quadratkilometer. Politisch gesehen verteilt sich das Gebiet zu etwa gleichen Teilen auf die Regierungsbezirke Oberbayern (Landkreise Freising, Pfaffenhofen an der Ilm) und Niederbayern (Landkreise Kelheim, Landshut). Geographisch ist es Teil des terti\u00e4ren H\u00fcgellandes, das vom Bodensee bis Linz reicht. Die groben Grenzen sind im S\u00fcden der Fluss Amper, im Westen der Fluss Paar, im Norden die Donau, im Osten der Fluss Kleine Paar. Die Hauptfl\u00fcsse Abens und Ilm durchschneiden die Hallertau von S\u00fcden nach Norden und m\u00fcnden nahe Neustadt in die Donau. Auf den H\u00fcgelkuppen wird Waldwirtschaft betrieben, an den flachen H\u00e4ngen Acker- und Hopfenwirtschaft und in den Talniederungen liegt meist Weideland.<\/p>\n<p><a href=\"https:\/\/mensch02.bn-paf.de\/hallertauer\/wp-content\/uploads\/2022\/01\/p8040021.jpeg\"><img decoding=\"async\" loading=\"lazy\" class=\"aligncenter wp-image-191 size-full\" src=\"https:\/\/mensch02.bn-paf.de\/hallertauer\/wp-content\/uploads\/2022\/01\/p8040021.jpeg\" alt=\"\" width=\"387\" height=\"249\" srcset=\"https:\/\/mensch02.bn-paf.de\/hallertauer\/wp-content\/uploads\/2022\/01\/p8040021.jpeg 387w, https:\/\/mensch02.bn-paf.de\/hallertauer\/wp-content\/uploads\/2022\/01\/p8040021-300x193.jpeg 300w\" sizes=\"(max-width: 387px) 100vw, 387px\" \/><\/a><\/p>\n<p>In der Hallertau gibt es also seit dem 8. Jahrhundert Hopfen und &#8211; noch nicht ganz so lange, genau seit dem 25.11.2004 &#8211; den HALLERTAUER. Der HALLERTAUER ist das Regionalgeld f\u00fcr die Hallertauer! Das <span style=\"color: #0000ff;\"><a style=\"color: #0000ff;\" href=\"https:\/\/hallertauer-regional.de\/hallertauer\/?page_id=33\">Regionalgeld HALLERTAUER<\/a><\/span> hilft die Hallertau als Region zu erhalten und zu st\u00e4rken. Das Verbreitungsgebiet f\u00fcr das Regionalgeld HALLERTAUER ist zun\u00e4chst einmal der Landkreis Pfaffenhofen an der Ilm plus x. Plus x meint, dass Grenz\u00fcberschreitungen in Absprache durchaus m\u00f6glich sind. Die Hallertau ist also Hopfen- und Regioland zugleich!<\/p>\n<p><img decoding=\"async\" loading=\"lazy\" class=\"aligncenter wp-image-22 size-medium\" src=\"https:\/\/mensch02.bn-paf.de\/hallertauer\/wp-content\/uploads\/2022\/01\/ZwicklRck06-300x217.jpg\" alt=\"\" width=\"300\" height=\"217\" srcset=\"https:\/\/mensch02.bn-paf.de\/hallertauer\/wp-content\/uploads\/2022\/01\/ZwicklRck06-300x217.jpg 300w, https:\/\/mensch02.bn-paf.de\/hallertauer\/wp-content\/uploads\/2022\/01\/ZwicklRck06-1024x739.jpg 1024w, https:\/\/mensch02.bn-paf.de\/hallertauer\/wp-content\/uploads\/2022\/01\/ZwicklRck06-768x554.jpg 768w, https:\/\/mensch02.bn-paf.de\/hallertauer\/wp-content\/uploads\/2022\/01\/ZwicklRck06-1536x1109.jpg 1536w, https:\/\/mensch02.bn-paf.de\/hallertauer\/wp-content\/uploads\/2022\/01\/ZwicklRck06-800x578.jpg 800w, https:\/\/mensch02.bn-paf.de\/hallertauer\/wp-content\/uploads\/2022\/01\/ZwicklRck06.jpg 1597w\" sizes=\"(max-width: 300px) 100vw, 300px\" \/><\/p>\n<p>&nbsp;<\/p>\n","protected":false},"excerpt":{"rendered":"<p>In der Hallertau leben wir, die Hallertauer! Die Hallertau ist das gr\u00f6\u00dfte geschlossene Hopfenanbaugebiet der Welt! 20 Prozent der gesamten Welthopfenernte werden hier bei uns produziert! Nicht v\u00f6llig gekl\u00e4rt ist die Herkunft und Bedeutung des Wortes &#8222;Hallertau&#8220;, das wohl im &hellip; <a href=\"https:\/\/hallertauer-regional.de\/hallertauer\/?page_id=21\">Weiterlesen <span class=\"meta-nav\">&rarr;<\/span><\/a><\/p>\n","protected":false},"author":1,"featured_media":0,"parent":0,"menu_order":1,"comment_status":"closed","ping_status":"closed","template":"","meta":[],"_links":{"self":[{"href":"https:\/\/hallertauer-regional.de\/hallertauer\/index.php?rest_route=\/wp\/v2\/pages\/21"}],"collection":[{"href":"https:\/\/hallertauer-regional.de\/hallertauer\/index.php?rest_route=\/wp\/v2\/pages"}],"about":[{"href":"https:\/\/hallertauer-regional.de\/hallertauer\/index.php?rest_route=\/wp\/v2\/types\/page"}],"author":[{"embeddable":true,"href":"https:\/\/hallertauer-regional.de\/hallertauer\/index.php?rest_route=\/wp\/v2\/users\/1"}],"replies":[{"embeddable":true,"href":"https:\/\/hallertauer-regional.de\/hallertauer\/index.php?rest_route=%2Fwp%2Fv2%2Fcomments&post=21"}],"version-history":[{"count":6,"href":"https:\/\/hallertauer-regional.de\/hallertauer\/index.php?rest_route=\/wp\/v2\/pages\/21\/revisions"}],"predecessor-version":[{"id":651,"href":"https:\/\/hallertauer-regional.de\/hallertauer\/index.php?rest_route=\/wp\/v2\/pages\/21\/revisions\/651"}],"wp:attachment":[{"href":"https:\/\/hallertauer-regional.de\/hallertauer\/index.php?rest_route=%2Fwp%2Fv2%2Fmedia&parent=21"}],"curies":[{"name":"wp","href":"https:\/\/api.w.org\/{rel}","templated":true}]}}