{"id":121,"date":"2022-01-31T08:41:33","date_gmt":"2022-01-31T07:41:33","guid":{"rendered":"http:\/\/www.mensch02.bn-paf.de\/hallertauer\/?page_id=121"},"modified":"2023-03-23T17:59:46","modified_gmt":"2023-03-23T16:59:46","slug":"links","status":"publish","type":"page","link":"https:\/\/hallertauer-regional.de\/hallertauer\/?page_id=121","title":{"rendered":"Links"},"content":{"rendered":"<ul>\n<li>Omnibus f\u00fcr Direkte Demokratie:\u00a0<a href=\"http:\/\/www.omnibus.org\/\" target=\"_blank\" rel=\"noopener\">www.omnibus.org<\/a><\/li>\n<li>Verleger Rainer Rappmann: <a href=\"http:\/\/www.fiu-verlag.com\/\" target=\"_blank\" rel=\"noopener\">www.fiu-verlag.com<\/a><\/li>\n<li>Fachverband Regionalgeld: <a href=\"http:\/\/www.regionetzwerk.blogspot.de\/\" target=\"_blank\" rel=\"noopener\">www.regionetzwerk.de<\/a><\/li>\n<li>Institut f\u00fcr Komplement\u00e4rw\u00e4hrungen:\u00a0<a href=\"http:\/\/www.unterguggenberger.org\/\" target=\"_blank\" rel=\"noopener\">www.unterguggenberger.org<\/a><\/li>\n<li>Werbefreies Aktionsmedium:\u00a0<a href=\"http:\/\/www.stoersender.tv\/\" target=\"_blank\" rel=\"noopener\">www.stoersender.tv<\/a><\/li>\n<li>Matrix-Gemeinwohl\u00f6konomie: <a href=\"http:\/\/www.balance.ecogood.org\/\" target=\"_blank\" rel=\"noopener\">www.balance.ecogood.org<\/a><\/li>\n<li>Urbane G\u00e4rten: <a href=\"https:\/\/www.anstiftung.de\/praxis\/urbane-gaerten\" target=\"_blank\" rel=\"noopener\">www.anstiftung.de\/praxis\/urbane-gaerten<\/a><\/li>\n<li>Situation der Bienen: www.bienenschutz.org<\/li>\n<li>Jugendforum:\u00a0<a href=\"http:\/\/www.jugendparlament-paf.de\/\" target=\"_blank\" rel=\"noopener\">www.jugendparlament-paf.de<\/a><\/li>\n<\/ul>\n","protected":false},"excerpt":{"rendered":"<p>Omnibus f\u00fcr Direkte Demokratie:\u00a0www.omnibus.org Verleger Rainer Rappmann: www.fiu-verlag.com Fachverband Regionalgeld: www.regionetzwerk.de Institut f\u00fcr Komplement\u00e4rw\u00e4hrungen:\u00a0www.unterguggenberger.org Werbefreies Aktionsmedium:\u00a0www.stoersender.tv Matrix-Gemeinwohl\u00f6konomie: www.balance.ecogood.org Urbane G\u00e4rten: www.anstiftung.de\/praxis\/urbane-gaerten Situation der Bienen: www.bienenschutz.org Jugendforum:\u00a0www.jugendparlament-paf.de<\/p>\n","protected":false},"author":2,"featured_media":0,"parent":0,"menu_order":9,"comment_status":"closed","ping_status":"closed","template":"","meta":[],"_links":{"self":[{"href":"https:\/\/hallertauer-regional.de\/hallertauer\/index.php?rest_route=\/wp\/v2\/pages\/121"}],"collection":[{"href":"https:\/\/hallertauer-regional.de\/hallertauer\/index.php?rest_route=\/wp\/v2\/pages"}],"about":[{"href":"https:\/\/hallertauer-regional.de\/hallertauer\/index.php?rest_route=\/wp\/v2\/types\/page"}],"author":[{"embeddable":true,"href":"https:\/\/hallertauer-regional.de\/hallertauer\/index.php?rest_route=\/wp\/v2\/users\/2"}],"replies":[{"embeddable":true,"href":"https:\/\/hallertauer-regional.de\/hallertauer\/index.php?rest_route=%2Fwp%2Fv2%2Fcomments&post=121"}],"version-history":[{"count":8,"href":"https:\/\/hallertauer-regional.de\/hallertauer\/index.php?rest_route=\/wp\/v2\/pages\/121\/revisions"}],"predecessor-version":[{"id":501,"href":"https:\/\/hallertauer-regional.de\/hallertauer\/index.php?rest_route=\/wp\/v2\/pages\/121\/revisions\/501"}],"wp:attachment":[{"href":"https:\/\/hallertauer-regional.de\/hallertauer\/index.php?rest_route=%2Fwp%2Fv2%2Fmedia&parent=121"}],"curies":[{"name":"wp","href":"https:\/\/api.w.org\/{rel}","templated":true}]}}