{"id":106,"date":"2022-01-31T08:34:20","date_gmt":"2022-01-31T07:34:20","guid":{"rendered":"http:\/\/www.mensch02.bn-paf.de\/hallertauer\/?page_id=106"},"modified":"2023-03-23T09:39:27","modified_gmt":"2023-03-23T08:39:27","slug":"gemeinsam-fuer-gemeinwohl-gfg","status":"publish","type":"page","link":"https:\/\/hallertauer-regional.de\/hallertauer\/?page_id=106","title":{"rendered":"Gemeinsam f\u00fcr Gemeinwohl \/ GfG"},"content":{"rendered":"<div id=\"main\" class=\"grid-block\">\n<div id=\"maininner\" class=\"grid-box\">\n<section id=\"content\" class=\"grid-block\">\n<div id=\"system\">\n<article class=\"item\">\n<div class=\"content clearfix\">\n<p>Gemeinsam f\u00fcr Gemeinwohl (GfG) ist eine Soziale Skulptur von freien und unabh\u00e4ngigen B\u00fcrgerinnen<span class=\"text_exposed_show\">\u00a0und B\u00fcrgern, die gemeinsam das Gemeinwohl betreffende Aktionen, Projekte und Inhalte &#8211; losgel\u00f6st von jeglichem parteipolitischen Hintergrund &#8211; gestalten und vertreten. <\/span><\/p>\n<p><span class=\"text_exposed_show\">Unsere Leitlinie ist das Gemeinwohl!<\/span><\/p>\n<p><span class=\"text_exposed_show\">Dies bringt auch unsere Gemeinwohl-Agenda zum Ausdruck, die im Rahmen der Kommunalwahl in Bayern 2014 entstanden ist. Die Agenda ist offen, das hei\u00dft sie kann und soll erweitert werden. Genauso ist die \u201eSoziale Skulptur Gemeinsam f\u00fcr Gemeinwohl (GfG)\u201c offen f\u00fcr das Mitwirken weiterer B\u00fcrgerinnen und B\u00fcrger.<\/span><\/p>\n<p><!---- <img decoding=\"async\" src=\"https:\/\/mensch02.bn-paf.de\/hallertauer\/wp-content\/uploads\/2022\/01\/GfG-Hndec.jpg\" \/>  ----><br \/>\n<img decoding=\"async\" loading=\"lazy\" src=\"https:\/\/mensch02.bn-paf.de\/hallertauer\/wp-content\/uploads\/2022\/01\/GfGLogoFarbig3-scaled.jpg\" alt=\"\" width=\"574\" height=\"383\" \/><br \/>\n<!----\n<img decoding=\"async\" loading=\"lazy\" src=\"http:\/\/hallertauer-regional.de\/images\/GfGLogoFarbig3.jpg\" alt=\"\" width=\"574\" height=\"383\" \/>\n------><\/p>\n<\/div>\n<\/article>\n<\/div>\n<\/section>\n<\/div>\n<\/div>\n","protected":false},"excerpt":{"rendered":"<p>Gemeinsam f\u00fcr Gemeinwohl (GfG) ist eine Soziale Skulptur von freien und unabh\u00e4ngigen B\u00fcrgerinnen\u00a0und B\u00fcrgern, die gemeinsam das Gemeinwohl betreffende Aktionen, Projekte und Inhalte &#8211; losgel\u00f6st von jeglichem parteipolitischen Hintergrund &#8211; gestalten und vertreten. Unsere Leitlinie ist das Gemeinwohl! Dies bringt &hellip; <a href=\"https:\/\/hallertauer-regional.de\/hallertauer\/?page_id=106\">Weiterlesen <span class=\"meta-nav\">&rarr;<\/span><\/a><\/p>\n","protected":false},"author":2,"featured_media":0,"parent":0,"menu_order":7,"comment_status":"closed","ping_status":"closed","template":"","meta":[],"_links":{"self":[{"href":"https:\/\/hallertauer-regional.de\/hallertauer\/index.php?rest_route=\/wp\/v2\/pages\/106"}],"collection":[{"href":"https:\/\/hallertauer-regional.de\/hallertauer\/index.php?rest_route=\/wp\/v2\/pages"}],"about":[{"href":"https:\/\/hallertauer-regional.de\/hallertauer\/index.php?rest_route=\/wp\/v2\/types\/page"}],"author":[{"embeddable":true,"href":"https:\/\/hallertauer-regional.de\/hallertauer\/index.php?rest_route=\/wp\/v2\/users\/2"}],"replies":[{"embeddable":true,"href":"https:\/\/hallertauer-regional.de\/hallertauer\/index.php?rest_route=%2Fwp%2Fv2%2Fcomments&post=106"}],"version-history":[{"count":5,"href":"https:\/\/hallertauer-regional.de\/hallertauer\/index.php?rest_route=\/wp\/v2\/pages\/106\/revisions"}],"predecessor-version":[{"id":475,"href":"https:\/\/hallertauer-regional.de\/hallertauer\/index.php?rest_route=\/wp\/v2\/pages\/106\/revisions\/475"}],"wp:attachment":[{"href":"https:\/\/hallertauer-regional.de\/hallertauer\/index.php?rest_route=%2Fwp%2Fv2%2Fmedia&parent=106"}],"curies":[{"name":"wp","href":"https:\/\/api.w.org\/{rel}","templated":true}]}}